 f.
2
Let d(k) = -k**3 + 9*k**2 - 6*k - 5. Let z be 1/(-5) + 55/25. Suppose b - 5 = -2*o + 15, 0 = z*o + 3*b - 28. List the prime factors of d(o).
11
Suppose -2*b + 2*y + 8 = 0, -y - 12 = 3*b + 2*y. Suppose 2*c - 6*c + 100 = b. What are the prime factors of c?
5
Suppose -4*r - 127 + 15 = -4*x, 55 = 2*x - r. List the prime factors of x.
3
Suppose -4*w + 662 = 78. What are the prime factors of w?
2, 73
Let r = 57 + -8. List the prime factors of r.
7
Let f(p) = -14*p**3 - 2*p**2 - p. Suppose 0 = t - 5 + 3. Let u = -3 + t. What are the prime factors of f(u)?
13
Suppose -58 = -m - 0*m. Suppose 4*i + 5*x - m = 0, -4*i + i + 44 = 4*x. List the prime factors of i.
2, 3
Let u = -61 - -88. Let k = u - 16. List the prime factors of k.
11
Suppose 1 = 5*q - 3*c - 27, 20 = 5*c. Let a(l) = -l**3 + 6*l**2 + 6*l - 5. Let w be a(7). What are the prime factors of 23/3 + q/w?
7
Let m = 67 + -11. List the prime factors of m.
2, 7
Let z be -3*-2*3/(-18). Let b be (z/2)/((-3)/(-24)). Let y(h) = -h**3 - 3*h**2 + 2*h - 5. List the prime factors of y(b).
3
Let j be 1/(-5) - 94/5. Let i = j - -27. What are the prime factors of i?
2
Suppose -4*d - 274 = -946. List the prime factors of d.
2, 3, 7
Let v be 86/18 + (-4)/(-18). Suppose -v*u = 25, 4*p - 4*u - 54 = 18. List the prime factors of p.
13
List the prime factors of ((-246)/(-9))/((-1 + 2)/3).
2, 41
Let g = 4 + 0. Suppose -3*x - 67 = -4*f, g*x = -2*f + 62 - 12. List the prime factors of f.
19
Suppose -2*m + 3*d = -3*m + 32, -5*d - 160 = -5*m. Suppose -4*c - m = -4*z, 50 = 4*z + 5*c - 9. What are the prime factors of z?
11
Let q(o) = o**2 - 7*o - 5. List the prime factors of q(-4).
3, 13
Let p(m) = 7*m**2 - 26*m + 33. Let b(u) = -11*u**2 + 39*u - 50. Let g(r) = 5*b(r) + 8*p(r). What are the prime factors of g(15)?
2, 11
Let b(j) = 2*j**2 - 6*j - 8. List the prime factors of b(6).
2, 7
Suppose 2 = -2*n, 2*c - 3*c = 5*n - 68. List the prime factors of c.
73
Let n = -175 + 300. What are the prime factors of n?
5
Let y(z) = -z**3 + 7*z**2 - 5*z - 3. Let q be (-1 - -5) + 8/4. Let a be y(q). Suppose 0 = -0*b - a*b + 39. List the prime factors of b.
13
Suppose -n - 3*t = -98, 336 = -0*n + 3*n - 5*t. What are the prime factors of n?
107
Let w be 6 + (-3)/((-9)/(-6)). Let f = 4 - w. Suppose -2*k - 9 + 25 = f. What are the prime factors of k?
2
Let l = 0 + 2. Suppose -5 = n - l. Let q(u) = -u + 1. List the prime factors of q(n).
2
Let o = -15 + 21. What are the prime factors of o/18 - (-154)/6?
2, 13
Suppose -20 = -3*n - 2*n. Suppose -2*f = n*o - 22, 0 = 3*f + 5*o - 27 - 5. What are the prime factors of f?
3
Suppose -3*q + 20 = -2*h, -4*h + 25 = 5*q + h. Let x = -2 + q. Suppose x*l = 17 + 39. What are the prime factors of l?
2, 7
Suppose 0 = -2*u + x - 5*x + 104, -2*x = -3*u + 172. What are the prime factors of u?
2, 7
Let i(f) = 213*f**3 + f**2 - 2*f + 2. What are the prime factors of i(1)?
2, 107
Suppose 0*b + b - 133 = 4*m, -604 = -4*b - 2*m. What are the prime factors of b?
149
Suppose 0*a - 4*a - 1 = 3*b, -3*a - 3 = 0. Let f = b - -14. What are the prime factors of f?
3, 5
Let s = 7 - -1. Suppose 2*l = 3*d - 14, -2*d = 4*l - s - 12. What are the prime factors of d?
2, 3
Let c be 9/(2 - 15/9). Suppose -4*s = -2*x - 62 + 20, -3*s + c = -3*x. What are the prime factors of s?
2, 3
Suppose 3*f + 215 = 2*r - 70, -r - 5*f = -136. Let u = r + -99. List the prime factors of 5*(u/5)/3.
2, 7
Suppose 4*y - 30 = -y. What are the prime factors of (-94)/(-18) + y/(-27)?
5
Let g be 329/2 - 1/(-2). List the prime factors of (-2)/14 - g/(-77).
2
Suppose -10 = q + 4*l - 36, -3*q - 5*l + 43 = 0. Let v(o) = -o**3 + 5*o**2 - o + 7. Let a be v(5). Suppose a*n = q - 2. What are the prime factors of n?
2
Let n be 9*1/(-9)*-3. Suppose -113 = j - 6*j - 3*q, n*j = 3*q + 87. Suppose 0 = -4*i + 73 - j. List the prime factors of i.
2, 3
What are the prime factors of (-13)/(-4) + 1/(-4) - -7?
2, 5
Let r(x) = -x**3 - 2*x**2 + 4*x - 4. Let y be r(-4). Suppose 0 = -0*h + 4*h + y. Let b(w) = -4*w - 2. What are the prime factors of b(h)?
2, 5
Suppose 12*t - 19*t + 259 = 0. List the prime factors of t.
37
Suppose -2*v = z - 315, 0*z = -5*v - z + 795. List the prime factors of v.
2, 5
Let v(a) = -a**3 - a**2 - a + 2. Let q be v(0). Suppose 0 + 8 = q*r. What are the prime factors of r/(8/(-6))*-7?
3, 7
Let b(k) = -234*k + 2. Let v be b(5). List the prime factors of 8/6 - v/24.
2, 5
Suppose 28 = 3*u - 173. Suppose -41 - 39 = -5*s - 2*x, -3*s + u = 5*x. What are the prime factors of s?
2, 7
Suppose -539 = -5*j + 4*o, -3*o + 94 = 3*j - 224. What are the prime factors of j?
107
Let f(m) = 2*m**2 - 3. Suppose 9 = -3*y, 9 = -5*w + 2*y - 0. List the prime factors of f(w).
3, 5
Suppose -j + 161 = 4*y - 9*y, -5*y + 121 = j. List the prime factors of j.
3, 47
Let z(m) = m**3 + 23*m**2 + 32*m + 14. List the prime factors of z(-21).
2, 7
Suppose 5*c + 13 = -a - 0, 0 = -a + 5*c + 17. Suppose a*n = 2 + 56. What are the prime factors of n?
29
Suppose 21 = -3*k + 6*k. List the prime factors of k.
7
Let x = 162 - -123. What are the prime factors of x?
3, 5, 19
Let z(h) = h**2 + 12*h + 12. What are the prime factors of z(-15)?
3, 19
Let r be (-6)/1 - -1 - -3. What are the prime factors of 1003/34 + 1/r?
29
Suppose 0 = -4*r + 4*y + 4, 0 = -3*r - 4*y - 4 - 28. Let t be (0 - -2)/(10/25). Let k = t - r. List the prime factors of k.
3
Suppose 5*m = -0*c - c + 90, -15 = 3*c. What are the prime factors of m?
19
Let b(a) = a**3 + 55. Let o be b(0). Let n(x) = x**2 - 1. Let i be n(-2). Suppose 2*y - o = -5*s, 2*y + 25 = -i*y. What are the prime factors of s?
13
Let n(w) = 19*w**3 - 5*w**2 + 1. What are the prime factors of n(2)?
7, 19
Suppose -2*h = -0*h + 8. Let r(y) = -y**2 - 6*y + 3. What are the prime factors of r(h)?
11
Suppose -u = 3*u - 3*p - 198, 2*u - p = 98. Suppose -4*r = -44 - u. Suppose -4*s = 2*g + g - r, 4*s + 49 = 5*g. List the prime factors of g.
3
Let f be 2 + 1*0/3. Suppose f*y = -3*y. Suppose y = -0*g + 5*g - 30. What are the prime factors of g?
2, 3
Let p(s) = -s**3 - 15*s**2 - 3*s - 7. Suppose 13*o + 75 = 8*o. What are the prime factors of p(o)?
2, 19
Suppose -b = 3*b - 64. List the prime factors of b.
2
Suppose -5 = -n + 3. Suppose 4*v = -a + 20, a - n = -3*v + 2*v. Suppose -v*g + 17 = 5. What are the prime factors of g?
3
Let v = 23 - 21. Suppose -10 = v*z, 2*h = z + z + 96. What are the prime factors of h?
43
Let g be (-3)/(-2)*424/12. Suppose 0 = 4*w - g - 107. List the prime factors of w.
2, 5
Let g(w) be the third derivative of -7*w**4/24 + 7*w**3/3 + 6*w**2. List the prime factors of g(-5).
7
Let n(k) = 3*k**2 + 2*k - 7. What are the prime factors of n(-4)?
3, 11
Let g(t) = 6*t**2 + 14*t + 9. Let s(f) = -5*f**2 - 13*f - 8. Let i(n) = -6*g(n) - 7*s(n). Let d = -17 + 24. List the prime factors of i(d).
2
Let f = -16 + 9. Let t(c) = c**2 + 5*c + 1. List the prime factors of t(f).
3, 5
Suppose -3*y - 216 = -6*y. List the prime factors of y.
2, 3
Let h(u) = -8*u - 4. Let l(z) = 0*z + 2*z - z - 1. Let w(t) = h(t) + 6*l(t). List the prime factors of w(-11).
2, 3
Let z(x) = x + 8. Let i be z(-7). Let w(q) = -5*q. Let d be w(i). List the prime factors of (-208)/(-20) - (-2)/d.
2, 5
Suppose -153 = -4*l - 3*u, -2*l - 4*u = -0*l - 74. What are the prime factors of l?
3, 13
Let q = -1 - -1. Suppose 5*k = 2*f - q*f + 1, -5*k + 13 = 4*f. Let s = 3 + f. What are the prime factors of s?
5
Suppose s + 0*s - 3 = 0. Suppose m - 7 = -2*n, -s*m + 4*m - n = 13. What are the prime factors of m?
11
Suppose 0 = -5*v + 2*v - 3*a + 402, -268 = -2*v - a. What are the prime factors of v?
2, 67
Suppose -2*o = 2*o - 128. Let j be -3 - (1 - o - 1). Let u = j + -14. What are the prime factors of u?
3, 5
Suppose 10 = 2*m + 2*g, 0*m - m + 5*g = 1. List the prime factors of m.
2
Let t(u) = -u - 6. Let d(z) = -2*z - 5. Suppose -4*c - v = -7 - 13, -8 = -2*v. Let r(p) = c*t(p) - 3*d(p). What are the prime factors of r(7)?
5
Let n be (-12)/(-16) - (-2)/8. Suppose -3*h - n - 2 = 0. List the prime factors of (h/(-3))/((-8)/(-72)).
3
What are the prime factors of 12/18 + 220/3?
2, 37
Let y be (4/(-6))/(2/(-3)). Suppose -2 = -x + y. What are the prime factors of x?
3
Let i = 11 - 6. Suppose -i*k + 35 = -0*k. Suppose d = -a + 12, a - 5 = -4*d + k. List the prime factors of a.
2, 3
Let b(v) = -v**3 + 